s the units digit of 61598?
8
What is the ten thousands digit of 282212?
8
What is the units digit of 11409934?
4
What is the units digit of 325270?
0
What is the millions digit of 3620188?
3
What is the thousands digit of 27460393?
0
What is the hundred thousands digit of 2234226?
2
What is the hundreds digit of 2200061?
0
What is the ten millions digit of 17912258?
1
What is the hundred thousands digit of 5768253?
7
What is the tens digit of 98726?
2
What is the tens digit of 25209542?
4
What is the thousands digit of 1022037?
2
What is the units digit of 1848419?
9
What is the tens digit of 9714365?
6
What is the hundreds digit of 252862?
8
What is the hundred thousands digit of 1825537?
8
What is the tens digit of 203732?
3
What is the hundreds digit of 345205?
2
What is the hundreds digit of 63315?
3
What is the thousands digit of 1781226?
1
What is the millions digit of 1889854?
1
What is the millions digit of 3370978?
3
What is the hundred thousands digit of 2504521?
5
What is the millions digit of 5369511?
5
What is the tens digit of 18860897?
9
What is the thousands digit of 28158046?
8
What is the ten thousands digit of 223708?
2
What is the hundreds digit of 3241074?
0
What is the thousands digit of 5274040?
4
What is the ten thousands digit of 388447?
8
What is the ten thousands digit of 854463?
5
What is the millions digit of 14851136?
4
What is the hundred thousands digit of 2582608?
5
What is the hundreds digit of 148932?
9
What is the hundreds digit of 3998122?
1
What is the hundred thousands digit of 220951?
2
What is the ten thousands digit of 3446375?
4
What is the hundred thousands digit of 5239460?
2
What is the units digit of 1576542?
2
What is the units digit of 759531?
1
What is the ten millions digit of 20675185?
2
What is the hundred thousands digit of 309102?
3
What is the units digit of 7718024?
4
What is the ten thousands digit of 157273?
5
What is the units digit of 949000?
0
What is the hundreds digit of 163000?
0
What is the hundred thousands digit of 272165?
2
What is the thousands digit of 4292846?
2
What is the units digit of 1188957?
7
What is the units digit of 4289462?
2
What is the units digit of 118624?
4
What is the units digit of 139592?
2
What is the ten millions digit of 13744592?
1
What is the hundred thousands digit of 20074277?
0
What is the tens digit of 77544?
4
What is the millions digit of 13859837?
3
What is the hundred thousands digit of 649905?
6
What is the units digit of 105931?
1
What is the tens digit of 280832?
3
What is the units digit of 1574050?
0
What is the thousands digit of 5330797?
0
What is the thousands digit of 6577688?
7
What is the tens digit of 11906?
0
What is the units digit of 3038555?
5
What is the hundred thousands digit of 4613678?
6
What is the tens digit of 420208?
0
What is the tens digit of 3013614?
1
What is the hundred thousands digit of 5482135?
4
What is the units digit of 261806?
6
What is the tens digit of 455021?
2
What is the hundreds digit of 8398057?
0
What is the hundreds digit of 1391173?
1
What is the tens digit of 4703368?
6
What is the thousands digit of 1201587?
1
What is the thousands digit of 490759?
0
What is the thousands digit of 11249134?
9
What is the ten thousands digit of 73936?
7
What is the ten thousands digit of 512290?
1
What is the ten thousands digit of 113786?
1
What is the thousands digit of 257833?
7
What is the hundred thousands digit of 358475?
3
What is the millions digit of 8464281?
8
What is the units digit of 11048622?
2
What is the millions digit of 2054077?
2
What is the thousands digit of 303015?
3
What is the ten thousands digit of 1780535?
8
What is the thousands digit of 64720?
4
What is the ten thousands digit of 151459?
5
What is the ten thousands digit of 455320?
5
What is the ten thousands digit of 157784?
5
What is the tens digit of 518847?
4
What is the ten thousands digit of 703521?
0
What is the thousands digit of 2278276?
8
What is the tens digit of 610358?
5
What is the units digit of 125239?
9
What is the hundreds digit of 342861?
8
What is the tens digit of 2745618?
1
What is the hundreds digit of 6328578?
5
What is the millions digit of 9322425?
9
What is the hundred thousands digit of 197681?
1
What is the units digit of 46351?
1
What is the ten thousands digit of 203587?
0
What is the thousands digit of 13998?
3
What is the millions digit of 1223250?
1
What is the ten thousands digit of 30219?
3
What is the millions digit of 5045743?
5
What is the hundreds digit of 16873?
8
What is the millions digit of 8334697?
8
What is the millions digit of 11669569?
1
What is the thousands digit of 1045113?
5
What is the hundreds digit of 147597?
5
What is the millions digit of 17840767?
7
What is the units digit of 133974?
4
What is the thousands digit of 30352?
0
What is the ten thousands digit of 226058?
2
What is the millions digit of 12141626?
2
What is the ten thousands digit of 424949?
2
What is the ten thousands digit of 358757?
5
What is the millions digit of 4964308?
4
What is the thousands digit of 2734259?
4
What is the hundreds digit of 5560417?
4
What is the millions digit of 10831744?
0
What is the ten thousands digit of 279110?
7
What is the hundreds digit of 104753?
7
What is the tens digit of 2850863?
6
What is the ten thousands digit of 3214462?
1
What is the units digit of 3829822?
2
What is the ten thousands digit of 7460257?
6
What is the thousands digit of 37351?
7
What is the hundreds digit of 83233?
2
What is the hundred thousands digit of 182563?
1
What is the hundreds digit of 16629?
6
What is the units digit of 1853230?
0
What is the hundred thousands digit of 4650382?
6
What is the hundreds digit of 377094?
0
What is the thousands digit of 10040884?
0
What is the hundreds digit of 9186254?
2
What is the hundreds digit of 3483895?
8
What is the hundred thousands digit of 1763835?
7
What is the thousands digit of 611618?
1
What is the ten thousands digit of 8476684?
7
What is the ten thousands digit of 4547374?
4
What is the units digit of 13026200?
0
What is the ten thousands digit of 277522?
7
What is the hundreds digit of 351962?
9
What is the millions digit of 4857209?
4
What is the hundred thousands digit of 5122728?
1
What is the tens digit of 5307753?
5
What is the millions digit of 1423947?
1
What is the ten thousands digit of 229610?
2
What is the tens digit of 280067?
6
What is the tens digit of 5229409?
0
What is the ten thousands digit of 3116007?
1
What is the hundreds digit of 34593?
5
What is the tens digit of 399823?
2
What is the ten thousands digit of 2095772?
9
What is the tens digit of 29382?
8
What is the hundred thousands digit of 241929?
2
What is the ten thousands digit of 131435?
3
What is the units digit of 3852364?
4
What is the thousands digit of 33127123?
7
What is the units digit of 640817?
7
What is the hundreds digit of 7310319?
3
What is the hundreds digit of 151219?
2
What is the hundred thousands digit of 174788?
1
What is the units digit of 2177302?
2
What is the tens digit of 252488?
8
What is the tens digit of 40077?
7
What is the ten thousands digit of 20219473?
1
What is the hundreds digit of 158692?
6
What is the millions digit of 5901462?
5
What is the millions digit of 3443748?
3
What is the units digit of 91118?
8
What is the units digit of 12003538?
8
What is the tens digit of 3040082?
8
What is the tens digit of 19039132?
3
What is the thousands digit of 383425?
3
What is the millions digit of 16422968?
6
What is the ten thousands digit of 67448?
6
What is the ten thousands digit of 153322?
5
What is the thousands digit of 11848284?
8
What is the units digit of 1771238?
8
What is the hundreds digit of 569964?
9
What is the hundred thousands digit of 15767501?
7
What is the thousands digit of 3496780?
6
What is the hundreds digit of 72787?
7
What is the hundred thousands digit of 10968608?
9
What is the ten thousands digit of 270215?
7
What is the units digit of 50144?
4
What is the ten thousands digit of 325429?
2
What is the ten thousands digit of 346032?
4
What is the thousands digit of 1855738?
5
What is the tens digit of 8837748?
4
What is the ten thousands digit of 15385394?
8
What is the ten millions digit of 14791177?
1
What is the